in base 2?
-1000100001110110
What is 613046 (base 8) in base 10?
202278
10001100010110101110101 (base 2) to base 15
60caa7
What is 1a05474 (base 13) in base 10?
8551495
10010010111010101101001 (base 2) to base 10
4814185
Convert 100110000010100111111 (base 2) to base 10.
1246527
What is 102400 (base 7) in base 8?
42431
What is 525542313 (base 6) in base 3?
122101020012100
What is 20520554 (base 8) in base 14?
819512
Convert -11000101101110100011000 (base 2) to base 12.
-22055b4
2131046 (base 8) to base 13
16c520
Convert 1320443324 (base 5) to base 2.
1100100100110111001010
1011011111110101110 (base 2) to base 16
5bfae
Convert -101011100111100101 (base 2) to base 5.
-21204121
730642 (base 8) to base 13
86259
What is -131038 (base 10) in base 5?
-13143123
1202221012020 (base 3) to base 9
1687166
Convert 1403388 (base 11) to base 3.
11112221220200
-3002030110 (base 4) to base 16
-c2314
Convert -21277443 (base 8) to base 14.
-867b59
-305202 (base 6) to base 15
-73c2
What is 11000110001111111 (base 2) in base 9?
164211
Convert -24a4 (base 13) to base 7.
-21113
-182339 (base 10) to base 5
-21313324
Convert 146284 (base 10) to base 13.
51778
Convert -85341 (base 15) to base 8.
-1471323
What is 10202111023 (base 4) in base 3?
2020102021021
Convert -11011010010001110011 (base 2) to base 5.
-212102232
Convert b55b3 (base 12) to base 10.
237591
What is -2875461 (base 9) in base 5?
-401211400
9eb1 (base 16) to base 7
226304
1650ab (base 13) to base 4
2013030321
What is 1140453233 (base 6) in base 5?
11301243011
What is -30e0d9 (base 15) in base 10?
-2325579
What is 12d61 (base 15) in base 14?
18019
Convert 2d4c6c (base 15) to base 10.
2193177
What is 2011011021000 (base 3) in base 7?
12505242
1001022020211210 (base 3) to base 12
50553a9
What is 3124 (base 15) in base 9?
15217
-3a9610 (base 13) to base 12
-585b15
5645224 (base 7) to base 14
143414
What is -497a0 (base 12) in base 7?
-563310
What is 68a33a (base 16) in base 8?
32121472
What is 3ac343 (base 13) in base 10?
1426415
1051061 (base 9) to base 7
4542214
Convert -4522333 (base 7) to base 12.
-2302aa
-102353463 (base 7) to base 12
-2045183
1215104 (base 6) to base 8
176160
Convert 144565364 (base 7) to base 13.
1cc229c
111220212210211 (base 3) to base 9
14825724
-463003 (base 8) to base 7
-1223162
12012011222210 (base 3) to base 7
32311326
What is -787774 (base 9) in base 5?
-110042233
10178 (base 10) to base 3
111221222
Convert 16a6625 (base 13) to base 14.
d96268
36781 (base 9) to base 11
17612
Convert 13303323101 (base 4) to base 16.
1f3ed1
What is 30c87b (base 15) in base 2?
1000110110100010011101
Convert 44557 (base 8) to base 13.
8731
Convert -c9983f (base 16) to base 13.
-29776a6
Convert 737428 (base 10) to base 11.
46404a
Convert -16a0b8 (base 12) to base 4.
-1133120030
Convert 154183 (base 10) to base 9.
254444
Convert 506343 (base 7) to base 9.
141306
What is 20363a (base 14) in base 5?
234210413
536c58 (base 13) to base 15
289ea6
Convert -42a483 (base 15) to base 10.
-3173523
What is -135814 (base 9) in base 3?
-11012220111
-100220210010 (base 3) to base 11
-123737
86eda (base 16) to base 13
16472a
What is 2790a42 (base 11) in base 13?
cc2514
What is 6622 (base 13) in base 12?
8294
What is 100111011111000 (base 2) in base 4?
10323320
-20120203230 (base 4) to base 12
-89ba10
What is 14b89 (base 15) in base 8?
202251
Convert -6d9d5 (base 15) to base 13.
-c3317
Convert 441400243 (base 5) to base 7.
22114453
What is 2100210 (base 5) in base 15?
a305
What is 6222267 (base 9) in base 2?
1100101010111011001011
Convert -10000030 (base 5) to base 6.
-1401432
Convert 101101010010001111 (base 2) to base 4.
231102033
10111111100001000100 (base 2) to base 6
24451420
Convert 6036 (base 16) to base 10.
24630
133542 (base 7) to base 16
62e2
-1356868 (base 9) to base 3
-1101220222022
Convert -3416424 (base 10) to base 11.
-1a238a0
-44ab20 (base 12) to base 6
-35303240
-32443113 (base 6) to base 13
-27c732
Convert -30715 (base 13) to base 7.
-511210
15313144 (base 6) to base 10
538552
-455526 (base 15) to base 14
-621acd
122211010201 (base 3) to base 14
91b77
What is -508131 (base 11) in base 10?
-816058
What is 42214434 (base 5) in base 14?
9200c
Convert 1564a4 (base 11) to base 5.
30232330
2b0cf0 (base 16) to base 10
2821360
-125163422 (base 7) to base 2
-11110101001000101001010
a298a8 (base 13) to base 12
132a06b
Convert 140701 (base 12) to base 7.
2554135
Convert 15cc36 (base 13) to base 15.
aab40
Convert 11001000000011100 (base 2) to base 16.
1901c
Convert 1000111110000000100 (base 2) to base 13.
a3a01
6393688 (base 10) to base 15
86465d
Convert 156708 (base 16) to base 9.
2567040
Convert 2585841 (base 9) to base 16.
159721
9206 (base 11) to base 15
3952
-4bb4c0 (base 13) to base 8
-6753126
What is -605210 (base 8) in base 3?
-101010101122
-100010011110001011 (base 2) to base 7
-1125435
Convert -1a5c1 (base 15) to base 4.
-110322301
What is -165088 (base 12) in base 7?
-3150452
-1764524 (base 8) to base 2
-1111110100101010100
Convert 2710566 (base 9) to base 4.
11222013303
Convert -2031031001 (base 5) to base 4.
-33313030223
Convert 22200100011100 (base 3) to base 5.
2140100000
64652 (base 11) to base 14
2634d
Convert 441616 (base 7) to base 16.
12eaa
What is 134a2b1 (base 13) in base 8?
27135710
What is 26256471 (base 8) in base 5?
2444402234
Convert 4464437 (base 9) to base 5.
1103421400
What is -2320323133 (base 4) in base 14?
-15a091
Convert 65055 (base 7) to base 10.
16161
Convert 1220033121 (base 4) to base 8.
1501731
6056543 (base 7) to base 14
14a693
d61ac1 (base 14) to base 11
40968a4
What is -992a74 (base 11) in base 2?
-110000011000000011101
998291 (base 12) to base 7
26512450
42e8 (base 15) to base 4
3131120
-22443420 (base 5) to base 10
-202985
Convert -2acc746 (base 13) to base 16.
-d19bb5
Convert -33255242 (base 7) to base 6.
-141311502
Convert 5161323 (base 7) to base 4.
2113112331
What is -110001021210 (base 3) in base 5?
-30042020
What is 15352a (base 11) in base 10?
238886
What is 62b22 (base 13) in base 7?
1336631
What is -432062 (base 7) in base 11?
-51519
Convert -4099 (base 14) to base 6.
-123235
What is 188972 (base 11) in base 6?
10114323
What is -197523 (base 10) in base 15?
-3d7d3
What is 1231033 (base 8) in base 5?
41344012
Convert -214375 (base 8) to base 11.
-4a054
What is -231b089 (base 12) in base 3?
-110201100122220
Convert 821264 (base 11) to base 5.
314204313
Convert 8185436 (base 10) to base 7.
126401150
41243120 (base 5) to base 14
8acbb
Convert -134b387 (base 12) to base 7.
-44411443
What is -2104710 (base 9) in base 13?
-305340
What is c07de (base 16) in base 15?
108931
What is 100100100110101110111 (base 2) in base 9?
2227334
What is -110110000001101010 (base 2) in base 7?
-1611106
1000110111001101110100 (base 2) to base 12
940618
658c3 (base 13) to base 5
21340422
Convert -1244032 (base 7) to base 11.
-100a01
-102121111010200 (base 3) to base 8
-27423363
What is -196382 (base 10) in base 11?
-1245aa
3104a (base 11) to base 14
12724
1002232001 (base 4) to base 16
42b81
Convert -5113640 (base 10) to base 4.
-103200130220
Convert 624577 (base 10) to base 6.
21215321
Convert -15050054 (base 6) to base 2.
-1111110111000110010
What is -12471 (base 15) in base 5?
-3332011
-232030 (base 4) to base 13
-1465
What is 450726 (base 8) in base 4?
211013112
ee448 (base 16) to base 10
975944
Convert 947ab (base 15) to base 12.
1a85a5
-51200223 (base 6) to base 16
-164ed7
What is 96636 (base 16) in base 13?
1874bb
Convert 1110010110010011000101 (base 2) to base 14.
6dca7b
Convert -100211001002 (base 3) to base 16.
-2f2be
226129 (base 10) to base 6
4502521
-131366640 (base 7) to base 10
-8420286
What is -1010111000001110111 (base 2) in base 15?
-7094b
-1244220544 (base 6) to base 3
-1000202222011201
a7b663 (base 12) to base 6
132512203
1211850 (base 9) to base 2
10100000100001110010
What is -1455216 (base 7) in base 13?
-6c5a3
-1768 (base 12) to base 13
-1388
Convert -56224 (base 7) to base 3.
-201110011
Convert -233a0e (base 16) to base 14.
-441498
What is -115670 (base 10) in base 8?
-341726
What is -1011110110100000011010 (base 2) in base 11?
-1832242
Convert 2133123201 (base 4) to base 5.
131344100
Convert -22c357 (base 13) to base 5.
-202423101
Convert 478dc (base 14)